{"id":138,"date":"2018-04-30T11:28:28","date_gmt":"2018-04-30T09:28:28","guid":{"rendered":"http:\/\/poweroflife.dk\/?page_id=138"},"modified":"2022-03-13T14:12:31","modified_gmt":"2022-03-13T13:12:31","slug":"forside","status":"publish","type":"page","link":"http:\/\/poweroflife.dk\/","title":{"rendered":"Velkommen til Power of life"},"content":{"rendered":"<p><img loading=\"lazy\" decoding=\"async\" class=\"wp-image-232 alignleft\" src=\"http:\/\/poweroflife.dk\/wp-content\/uploads\/2019\/01\/IMG_0014-e1547997019293-300x224.jpg\" alt=\"\" width=\"178\" height=\"133\" srcset=\"http:\/\/poweroflife.dk\/wp-content\/uploads\/2019\/01\/IMG_0014-e1547997019293-300x224.jpg 300w, http:\/\/poweroflife.dk\/wp-content\/uploads\/2019\/01\/IMG_0014-e1547997019293-768x574.jpg 768w, http:\/\/poweroflife.dk\/wp-content\/uploads\/2019\/01\/IMG_0014-e1547997019293-1024x765.jpg 1024w\" sizes=\"auto, (max-width: 178px) 85vw, 178px\" \/>Jeg tror p\u00e5, at vi alle gerne vil leve et godt liv og v\u00e6re den bedste udgave af os selv. Men livet kommer nogle gange p\u00e5 tv\u00e6rs.<br \/>Vi oplever ting i hverdagen, som udfordre og p\u00e5virker os, p\u00e5 godt og ondt.<br \/>Det kr\u00e6ver et stort fokus, kun at samle p\u00e5 de gode og positive oplevelse. Alligevel bliver vi p\u00e5virket af negative oplevelse\/f\u00f8lelser.<\/p>\n<p>Alle vores tanker, bliver til f\u00f8lelser, som p\u00e5virker vores celler, som igen p\u00e5virker vores helbred.<\/p>\n<p>Ligesom vi sender bilen p\u00e5 v\u00e6rksted til eftersyn og til olie skift, har vores krop ogs\u00e5 behov for et eftersyn engang imellem, s\u00e5 &#8220;rygs\u00e6kken&#8221; kan blive t\u00f8mt.<\/p>\n<p>Her p\u00e5 Power Of Life, kan du se de typer af behandlinger som jeg tilbyder. Alle behandlinger skaber balance i din krop og hj\u00e6lper kroppen til at styrke sig selv.<\/p>\n<p>Jeg har god erfaring med at afhj\u00e6lpe mange forskellige udfordringer, lige <img loading=\"lazy\" decoding=\"async\" class=\" wp-image-369 alignright\" src=\"http:\/\/poweroflife.dk\/wp-content\/uploads\/2022\/03\/20220128_141250-2-169x300.jpg\" alt=\"\" width=\"148\" height=\"263\" srcset=\"http:\/\/poweroflife.dk\/wp-content\/uploads\/2022\/03\/20220128_141250-2-169x300.jpg 169w, http:\/\/poweroflife.dk\/wp-content\/uploads\/2022\/03\/20220128_141250-2-576x1024.jpg 576w, http:\/\/poweroflife.dk\/wp-content\/uploads\/2022\/03\/20220128_141250-2-768x1365.jpg 768w, http:\/\/poweroflife.dk\/wp-content\/uploads\/2022\/03\/20220128_141250-2-864x1536.jpg 864w, http:\/\/poweroflife.dk\/wp-content\/uploads\/2022\/03\/20220128_141250-2-1152x2048.jpg 1152w, http:\/\/poweroflife.dk\/wp-content\/uploads\/2022\/03\/20220128_141250-2-1200x2133.jpg 1200w, http:\/\/poweroflife.dk\/wp-content\/uploads\/2022\/03\/20220128_141250-2-scaled.jpg 1440w\" sizes=\"auto, (max-width: 148px) 85vw, 148px\" \/>fra nedtrykthed til forstuvet ankel. S\u00e5 m\u00e5ske kan jeg ogs\u00e5 hj\u00e6lpe dig, med at f\u00e5 balance i kroppen og fornyet velv\u00e6re.<\/p>\n<p>Har du sp\u00f8rgsm\u00e5l, er du meget velkommen til\u00a0at kontakte\u00a0mig p\u00e5 SMS eller e-mail.<\/p>\n<p>Du kan booke en tid under \u201cBooking\u201d.<\/p>\n<p>Positive hilsner<br \/>Diana Bjerre<\/p>\n\n\n<p><\/p>\n","protected":false},"excerpt":{"rendered":"<p>Jeg tror p\u00e5, at vi alle gerne vil leve et godt liv og v\u00e6re den bedste udgave af os selv. Men livet kommer nogle gange p\u00e5 tv\u00e6rs.Vi oplever ting i hverdagen, som udfordre og p\u00e5virker os, p\u00e5 godt og ondt.Det kr\u00e6ver et stort fokus, kun at samle p\u00e5 de gode og positive oplevelse. Alligevel bliver &hellip; <a href=\"http:\/\/poweroflife.dk\/\" class=\"more-link\">L\u00e6s videre<span class=\"screen-reader-text\"> &#8220;Velkommen til Power of life&#8221;<\/span><\/a><\/p>\n","protected":false},"author":1,"featured_media":0,"parent":0,"menu_order":0,"comment_status":"closed","ping_status":"closed","template":"","meta":{"footnotes":""},"class_list":["post-138","page","type-page","status-publish","hentry"],"yoast_head":"<!-- This site is optimized with the Yoast SEO plugin v25.5 - https:\/\/yoast.com\/wordpress\/plugins\/seo\/ -->\n<title>Velkommen til Power of life -<\/title>\n<meta name=\"robots\" content=\"index, follow, max-snippet:-1, max-image-preview:large, max-video-preview:-1\" \/>\n<link rel=\"canonical\" href=\"http:\/\/poweroflife.dk\/\" \/>\n<meta property=\"og:locale\" content=\"da_DK\" \/>\n<meta property=\"og:type\" content=\"article\" \/>\n<meta property=\"og:title\" content=\"Velkommen til Power of life -\" \/>\n<meta property=\"og:description\" content=\"Jeg tror p\u00e5, at vi alle gerne vil leve et godt liv og v\u00e6re den bedste udgave af os selv. Men livet kommer nogle gange p\u00e5 tv\u00e6rs.Vi oplever ting i hverdagen, som udfordre og p\u00e5virker os, p\u00e5 godt og ondt.Det kr\u00e6ver et stort fokus, kun at samle p\u00e5 de gode og positive oplevelse. Alligevel bliver &hellip; L\u00e6s videre &quot;Velkommen til Power of life&quot;\" \/>\n<meta property=\"og:url\" content=\"http:\/\/poweroflife.dk\/\" \/>\n<meta property=\"article:modified_time\" content=\"2022-03-13T13:12:31+00:00\" \/>\n<meta property=\"og:image\" content=\"http:\/\/poweroflife.dk\/wp-content\/uploads\/2019\/01\/IMG_0014-e1547997019293-300x224.jpg\" \/>\n<meta name=\"twitter:card\" content=\"summary_large_image\" \/>\n<meta name=\"twitter:label1\" content=\"Estimeret l\u00e6setid\" \/>\n\t<meta name=\"twitter:data1\" content=\"2 minutter\" \/>\n<script type=\"application\/ld+json\" class=\"yoast-schema-graph\">{\"@context\":\"https:\/\/schema.org\",\"@graph\":[{\"@type\":\"WebPage\",\"@id\":\"http:\/\/poweroflife.dk\/\",\"url\":\"http:\/\/poweroflife.dk\/\",\"name\":\"Velkommen til Power of life -\",\"isPartOf\":{\"@id\":\"http:\/\/poweroflife.dk\/#website\"},\"primaryImageOfPage\":{\"@id\":\"http:\/\/poweroflife.dk\/#primaryimage\"},\"image\":{\"@id\":\"http:\/\/poweroflife.dk\/#primaryimage\"},\"thumbnailUrl\":\"http:\/\/poweroflife.dk\/wp-content\/uploads\/2019\/01\/IMG_0014-e1547997019293-300x224.jpg\",\"datePublished\":\"2018-04-30T09:28:28+00:00\",\"dateModified\":\"2022-03-13T13:12:31+00:00\",\"breadcrumb\":{\"@id\":\"http:\/\/poweroflife.dk\/#breadcrumb\"},\"inLanguage\":\"da-DK\",\"potentialAction\":[{\"@type\":\"ReadAction\",\"target\":[\"http:\/\/poweroflife.dk\/\"]}]},{\"@type\":\"ImageObject\",\"inLanguage\":\"da-DK\",\"@id\":\"http:\/\/poweroflife.dk\/#primaryimage\",\"url\":\"http:\/\/poweroflife.dk\/wp-content\/uploads\/2019\/01\/IMG_0014-e1547997019293.jpg\",\"contentUrl\":\"http:\/\/poweroflife.dk\/wp-content\/uploads\/2019\/01\/IMG_0014-e1547997019293.jpg\",\"width\":2592,\"height\":1936},{\"@type\":\"BreadcrumbList\",\"@id\":\"http:\/\/poweroflife.dk\/#breadcrumb\",\"itemListElement\":[{\"@type\":\"ListItem\",\"position\":1,\"name\":\"Hjem\",\"item\":\"http:\/\/poweroflife.dk\/\"},{\"@type\":\"ListItem\",\"position\":2,\"name\":\"Velkommen til Power of life\"}]},{\"@type\":\"WebSite\",\"@id\":\"http:\/\/poweroflife.dk\/#website\",\"url\":\"http:\/\/poweroflife.dk\/\",\"name\":\"Power of life\",\"description\":\"Livsenergi, som hj\u00e6lper din krop, sind og sj\u00e6l med at kommer i balance\",\"publisher\":{\"@id\":\"http:\/\/poweroflife.dk\/#organization\"},\"potentialAction\":[{\"@type\":\"SearchAction\",\"target\":{\"@type\":\"EntryPoint\",\"urlTemplate\":\"http:\/\/poweroflife.dk\/?s={search_term_string}\"},\"query-input\":{\"@type\":\"PropertyValueSpecification\",\"valueRequired\":true,\"valueName\":\"search_term_string\"}}],\"inLanguage\":\"da-DK\"},{\"@type\":\"Organization\",\"@id\":\"http:\/\/poweroflife.dk\/#organization\",\"name\":\"Power of life\",\"url\":\"http:\/\/poweroflife.dk\/\",\"logo\":{\"@type\":\"ImageObject\",\"inLanguage\":\"da-DK\",\"@id\":\"http:\/\/poweroflife.dk\/#\/schema\/logo\/image\/\",\"url\":\"http:\/\/poweroflife.dk\/wp-content\/uploads\/2019\/03\/cropped-Udklip-e1554031735995-1.jpg\",\"contentUrl\":\"http:\/\/poweroflife.dk\/wp-content\/uploads\/2019\/03\/cropped-Udklip-e1554031735995-1.jpg\",\"width\":240,\"height\":57,\"caption\":\"Power of life\"},\"image\":{\"@id\":\"http:\/\/poweroflife.dk\/#\/schema\/logo\/image\/\"}}]}<\/script>\n<!-- \/ Yoast SEO plugin. -->","yoast_head_json":{"title":"Velkommen til Power of life -","robots":{"index":"index","follow":"follow","max-snippet":"max-snippet:-1","max-image-preview":"max-image-preview:large","max-video-preview":"max-video-preview:-1"},"canonical":"http:\/\/poweroflife.dk\/","og_locale":"da_DK","og_type":"article","og_title":"Velkommen til Power of life -","og_description":"Jeg tror p\u00e5, at vi alle gerne vil leve et godt liv og v\u00e6re den bedste udgave af os selv. Men livet kommer nogle gange p\u00e5 tv\u00e6rs.Vi oplever ting i hverdagen, som udfordre og p\u00e5virker os, p\u00e5 godt og ondt.Det kr\u00e6ver et stort fokus, kun at samle p\u00e5 de gode og positive oplevelse. Alligevel bliver &hellip; L\u00e6s videre \"Velkommen til Power of life\"","og_url":"http:\/\/poweroflife.dk\/","article_modified_time":"2022-03-13T13:12:31+00:00","og_image":[{"url":"http:\/\/poweroflife.dk\/wp-content\/uploads\/2019\/01\/IMG_0014-e1547997019293-300x224.jpg","type":"","width":"","height":""}],"twitter_card":"summary_large_image","twitter_misc":{"Estimeret l\u00e6setid":"2 minutter"},"schema":{"@context":"https:\/\/schema.org","@graph":[{"@type":"WebPage","@id":"http:\/\/poweroflife.dk\/","url":"http:\/\/poweroflife.dk\/","name":"Velkommen til Power of life -","isPartOf":{"@id":"http:\/\/poweroflife.dk\/#website"},"primaryImageOfPage":{"@id":"http:\/\/poweroflife.dk\/#primaryimage"},"image":{"@id":"http:\/\/poweroflife.dk\/#primaryimage"},"thumbnailUrl":"http:\/\/poweroflife.dk\/wp-content\/uploads\/2019\/01\/IMG_0014-e1547997019293-300x224.jpg","datePublished":"2018-04-30T09:28:28+00:00","dateModified":"2022-03-13T13:12:31+00:00","breadcrumb":{"@id":"http:\/\/poweroflife.dk\/#breadcrumb"},"inLanguage":"da-DK","potentialAction":[{"@type":"ReadAction","target":["http:\/\/poweroflife.dk\/"]}]},{"@type":"ImageObject","inLanguage":"da-DK","@id":"http:\/\/poweroflife.dk\/#primaryimage","url":"http:\/\/poweroflife.dk\/wp-content\/uploads\/2019\/01\/IMG_0014-e1547997019293.jpg","contentUrl":"http:\/\/poweroflife.dk\/wp-content\/uploads\/2019\/01\/IMG_0014-e1547997019293.jpg","width":2592,"height":1936},{"@type":"BreadcrumbList","@id":"http:\/\/poweroflife.dk\/#breadcrumb","itemListElement":[{"@type":"ListItem","position":1,"name":"Hjem","item":"http:\/\/poweroflife.dk\/"},{"@type":"ListItem","position":2,"name":"Velkommen til Power of life"}]},{"@type":"WebSite","@id":"http:\/\/poweroflife.dk\/#website","url":"http:\/\/poweroflife.dk\/","name":"Power of life","description":"Livsenergi, som hj\u00e6lper din krop, sind og sj\u00e6l med at kommer i balance","publisher":{"@id":"http:\/\/poweroflife.dk\/#organization"},"potentialAction":[{"@type":"SearchAction","target":{"@type":"EntryPoint","urlTemplate":"http:\/\/poweroflife.dk\/?s={search_term_string}"},"query-input":{"@type":"PropertyValueSpecification","valueRequired":true,"valueName":"search_term_string"}}],"inLanguage":"da-DK"},{"@type":"Organization","@id":"http:\/\/poweroflife.dk\/#organization","name":"Power of life","url":"http:\/\/poweroflife.dk\/","logo":{"@type":"ImageObject","inLanguage":"da-DK","@id":"http:\/\/poweroflife.dk\/#\/schema\/logo\/image\/","url":"http:\/\/poweroflife.dk\/wp-content\/uploads\/2019\/03\/cropped-Udklip-e1554031735995-1.jpg","contentUrl":"http:\/\/poweroflife.dk\/wp-content\/uploads\/2019\/03\/cropped-Udklip-e1554031735995-1.jpg","width":240,"height":57,"caption":"Power of life"},"image":{"@id":"http:\/\/poweroflife.dk\/#\/schema\/logo\/image\/"}}]}},"_links":{"self":[{"href":"http:\/\/poweroflife.dk\/index.php?rest_route=\/wp\/v2\/pages\/138","targetHints":{"allow":["GET"]}}],"collection":[{"href":"http:\/\/poweroflife.dk\/index.php?rest_route=\/wp\/v2\/pages"}],"about":[{"href":"http:\/\/poweroflife.dk\/index.php?rest_route=\/wp\/v2\/types\/page"}],"author":[{"embeddable":true,"href":"http:\/\/poweroflife.dk\/index.php?rest_route=\/wp\/v2\/users\/1"}],"replies":[{"embeddable":true,"href":"http:\/\/poweroflife.dk\/index.php?rest_route=%2Fwp%2Fv2%2Fcomments&post=138"}],"version-history":[{"count":33,"href":"http:\/\/poweroflife.dk\/index.php?rest_route=\/wp\/v2\/pages\/138\/revisions"}],"predecessor-version":[{"id":379,"href":"http:\/\/poweroflife.dk\/index.php?rest_route=\/wp\/v2\/pages\/138\/revisions\/379"}],"wp:attachment":[{"href":"http:\/\/poweroflife.dk\/index.php?rest_route=%2Fwp%2Fv2%2Fmedia&parent=138"}],"curies":[{"name":"wp","href":"https:\/\/api.w.org\/{rel}","templated":true}]}}